y 40?
7
Calculate the remainder when 251 is divided by 11.
9
What is the remainder when 258 is divided by 67?
57
What is the remainder when 220 is divided by 16?
12
Calculate the remainder when 631 is divided by 144.
55
Calculate the remainder when 1712 is divided by 71.
8
What is the remainder when 2978 is divided by 62?
2
What is the remainder when 1175 is divided by 1169?
6
Calculate the remainder when 158 is divided by 120.
38
Calculate the remainder when 156 is divided by 32.
28
What is the remainder when 96 is divided by 26?
18
What is the remainder when 1336 is divided by 7?
6
Calculate the remainder when 150 is divided by 11.
7
Calculate the remainder when 3731 is divided by 374.
365
What is the remainder when 601 is divided by 293?
15
What is the remainder when 2949 is divided by 118?
117
What is the remainder when 213 is divided by 27?
24
What is the remainder when 50 is divided by 9?
5
Calculate the remainder when 322 is divided by 47.
40
What is the remainder when 4818 is divided by 65?
8
What is the remainder when 583 is divided by 199?
185
What is the remainder when 413 is divided by 87?
65
Calculate the remainder when 981 is divided by 41.
38
Calculate the remainder when 676 is divided by 221.
13
Calculate the remainder when 2301 is divided by 192.
189
What is the remainder when 402 is divided by 151?
100
Calculate the remainder when 132 is divided by 72.
60
What is the remainder when 2455 is divided by 55?
35
Calculate the remainder when 144 is divided by 75.
69
Calculate the remainder when 284 is divided by 280.
4
What is the remainder when 9770 is divided by 188?
182
What is the remainder when 623 is divided by 52?
51
What is the remainder when 3050 is divided by 38?
10
Calculate the remainder when 7768 is divided by 21.
19
Calculate the remainder when 103 is divided by 26.
25
Calculate the remainder when 1067 is divided by 71.
2
What is the remainder when 753 is divided by 22?
5
What is the remainder when 602 is divided by 21?
14
What is the remainder when 1077 is divided by 49?
48
What is the remainder when 1862 is divided by 308?
14
Calculate the remainder when 3719 is divided by 17.
13
Calculate the remainder when 411 is divided by 69.
66
What is the remainder when 136 is divided by 10?
6
Calculate the remainder when 172 is divided by 16.
12
What is the remainder when 2203 is divided by 54?
43
What is the remainder when 59624 is divided by 14?
12
Calculate the remainder when 861 is divided by 36.
33
What is the remainder when 44178 is divided by 17?
12
What is the remainder when 968 is divided by 13?
6
Calculate the remainder when 85 is divided by 80.
5
What is the remainder when 24425 is divided by 69?
68
Calculate the remainder when 936 is divided by 105.
96
What is the remainder when 343 is divided by 25?
18
What is the remainder when 550 is divided by 9?
1
What is the remainder when 254 is divided by 110?
34
What is the remainder when 1057 is divided by 351?
4
Calculate the remainder when 763 is divided by 55.
48
Calculate the remainder when 985 is divided by 206.
161
What is the remainder when 114 is divided by 25?
14
What is the remainder when 51 is divided by 6?
3
What is the remainder when 1852 is divided by 38?
28
What is the remainder when 893 is divided by 14?
11
Calculate the remainder when 96 is divided by 19.
1
Calculate the remainder when 1827 is divided by 122.
119
Calculate the remainder when 531 is divided by 12.
3
What is the remainder when 448 is divided by 18?
16
What is the remainder when 283 is divided by 271?
12
Calculate the remainder when 347 is divided by 187.
160
What is the remainder when 3317 is divided by 10?
7
Calculate the remainder when 739 is divided by 67.
2
What is the remainder when 1010 is divided by 93?
80
Calculate the remainder when 286 is divided by 36.
34
What is the remainder when 154 is divided by 49?
7
Calculate the remainder when 3921 is divided by 40.
1
Calculate the remainder when 96 is divided by 23.
4
Calculate the remainder when 41 is divided by 15.
11
Calculate the remainder when 713 is divided by 28.
13
Calculate the remainder when 652 is divided by 107.
10
Calculate the remainder when 308 is divided by 39.
35
What is the remainder when 1918 is divided by 43?
26
What is the remainder when 21 is divided by 18?
3
What is the remainder when 23 is divided by 20?
3
What is the remainder when 182 is divided by 92?
90
Calculate the remainder when 19 is divided by 9.
1
Calculate the remainder when 662 is divided by 9.
5
What is the remainder when 102 is divided by 10?
2
Calculate the remainder when 1521 is divided by 223.
183
Calculate the remainder when 530 is divided by 275.
255
What is the remainder when 69 is divided by 10?
9
Calculate the remainder when 167 is divided by 21.
20
Calculate the remainder when 213 is divided by 72.
69
Calculate the remainder when 15065 is divided by 62.
61
Calculate the remainder when 125 is divided by 27.
17
Calculate the remainder when 5874 is divided by 17.
9
Calculate the remainder when 26 is divided by 5.
1
Calculate the remainder when 174 is divided by 105.
69
Calculate the remainder when 332 is divided by 108.
8
What is the remainder when 826 is divided by 36?
34
Calculate the remainder when 184 is divided by 29.
10
Calculate the remainder when 70 is divided by 44.
26
Calculate the remainder when 66 is divided by 20.
6
Calculate the remainder when 871 is divided by 315.
241
What is the remainder when 12 is divided by 7?
5
What is the remainder when 16566 is divided by 9?
6
Calculate the remainder when 72 is divided by 25.
22
What is the remainder when 73 is divided by 10?
3
What is the remainder when 54 is divided by 18?
0
Calculate the remainder when 86 is divided by 24.
14
What is the remainder when 590 is divided by 124?
94
What is the remainder when 8257 is divided by 236?
233
What is the remainder when 372 is divided by 40?
12
What is the remainder when 734 is divided by 49?
48
What is the remainder when 359 is divided by 59?
5
What is the remainder when 167 is divided by 17?
14
Calculate the remainder when 65 is divided by 17.
14
Calculate the remainder when 330 is divided by 97.
39
What is the remainder when 548 is divided by 330?
218
Calculate the remainder when 3227 is divided by 140.
7
What is the remainder when 189 is divided by 28?
21
What is the remainder when 1698 is divided by 46?
42
What is the remainder when 579 is divided by 53?
49
What is the remainder when 177 is divided by 33?
12
Calculate the remainder when 609 is divided by 84.
21
Calculate the remainder when 985 is divided by 7.
5
Calculate the remainder when 36 is divided by 22.
14
Calculate the remainder when 136 is divided by 77.
59
What is the remainder when 7051 is divided by 28?
23
What is the remainder when 558 is divided by 28?
26
Calculate the remainder when 570 is divided by 24.
18
Calculate the remainder when 73157 is divided by 124.
121
What is the remainder when 814 is divided by 107?
65
What is the remainder when 271 is divided by 21?
19
Calculate the remainder when 237 is divided by 145.
92
What is the remainder when 202 is divided by 34?
32
What is the remainder when 319 is divided by 152?
15
What is the remainder when 1548 is divided by 256?
12
Calculate the remainder when 765 is divided by 6.
3
Calculate the remainder when 432 is divided by 21.
12
What is the remainder when 1735 is divided by 56?
55
Calculate the remainder when 179 is divided by 18.
17
What is the remainder when 393 is divided by 44?
41
Calculate the remainder when 469 is divided by 24.
13
What is the remainder when 289 is divided by 70?
9
What is the remainder when 524 is divided by 169?
17
What is the remainder when 299 is divided by 83?
50
Calculate the remainder when 220 is divided by 75.
70
Calculate the remainder when 206 is divided by 33.
8
What is the remainder when 898 is divided by 180?
178
What is the remainder when 445 is divided by 7?
4
Calculate the remainder when 205 is divided by 190.
15
Calculate the remainder when 61 is divided by 22.
17
Calculate the remainder when 358 is divided by 141.
76
What is the remainder when 4599 is divided by 26?
23
Calculate the remainder when 3287 is divided by 23.
21
Calculate the remainder when 1185 is divided by 385.
30
C